et j = u - -34. What are the prime factors of (-2052)/j - (-18)/117?
2, 79
Suppose -13*d + d = -2736. Let c = -149 + d. What are the prime factors of c?
79
List the prime factors of 2364769/143 + (-24)/(-156).
23, 719
What are the prime factors of (-12)/22 + 62/(-279) + (-2897090)/(-198)?
3, 4877
Suppose -6*i + 9*i = -33. Let s be 3/(-6)*(1 + i). Suppose -s*v - 244 + 759 = 0. List the prime factors of v.
103
Let z = 4137 - 3022. List the prime factors of z.
5, 223
Let u(r) = -3*r**2 + 32*r + 63. Let l be u(12). Suppose -19*p + l*p + 1442 = -2*a, 5*a + 733 = 2*p. List the prime factors of p.
359
Let s(k) = -2*k**3 + 43*k**2 - 61*k - 11. What are the prime factors of s(15)?
1999
Let y(g) = -25 - 5*g + 3*g + 0*g + 6*g. Let u be y(6). List the prime factors of (55/11)/((0 - u)/8).
2, 5
Suppose 7*d - 2210 = -593. Suppose k + 4*a = -d, 9*k + 4*a = 4*k - 1075. What are the prime factors of (9/(-4))/(k/104 - -2)?
2, 3, 13
Suppose 4*k + 19*d - 29542 = 14*d, -5*k - 3*d + 36908 = 0. What are the prime factors of k?
2, 7, 17, 31
Let q = -23445 + 33200. What are the prime factors of q?
5, 1951
Suppose -f - 115 = -101. Let k(u) = u**3 + 12*u**2 - 32*u - 15. List the prime factors of k(f).
41
Suppose -18*d - 667 = 53. List the prime factors of (d/(-60))/(1/696).
2, 29
Let v be (0/(-1))/((-26)/(-39)*3). What are the prime factors of v + (6 - -1) - -313?
2, 5
Let c be (-2)/(-14) + 135/35. Suppose b = c*n - 13, -4*n = n + 3*b + 5. Suppose -w - 5*p = -5, 0 = -0*w - w - n*p + 14. What are the prime factors of w?
2, 5
List the prime factors of (-650955)/(-10)*(-40)/(-60).
43397
Suppose -3*n = -5*v + 37, 15 = -0*n - n - v. Let s be n/(-35) - 53/(-5). Suppose 0*d - s = -d. What are the prime factors of d?
11
Let y = -3070 - -13285. What are the prime factors of y?
3, 5, 227
Let q be 2*(417/(-12) + 3)*-2. Let m = 5 + q. What are the prime factors of m?
2, 3, 11
Let r(a) = -4*a**3 - 24*a**2 + 45*a + 1. Let m(c) = -12*c**3 - 70*c**2 + 136*c + 3. Let h(x) = -4*m(x) + 11*r(x). What are the prime factors of h(4)?
3, 5, 7
Let n(k) = 2*k**2 - 6. Let i be -1*45/(-10)*(-8)/18. Let h be n(i). Suppose 0 = 4*z - 7*z - 3*p + 711, -h*z = -p - 486. What are the prime factors of z?
241
Let g(v) = v**3 - 5*v**2 + 45*v + 66. What are the prime factors of g(13)?
2003
What are the prime factors of (310 + -26)*5*(-4)/(-2)?
2, 5, 71
Suppose 25*k - 21*k + 12 = 0, -1656 = -3*g + k. Let x = g + 252. What are the prime factors of x?
11, 73
Let b(g) = 69*g - 24. Let t(x) = -14*x + 5. Let u(w) = 2*b(w) + 11*t(w). Suppose 2*i = -0*i - 4. List the prime factors of u(i).
3, 13
Suppose 2*t - j = 3*j - 22, 3*t = -4*j + 17. Let l be (32/(-20))/(t/(-30)). Let k = l - -59. List the prime factors of k.
11
Suppose -330 = -21*r + 32*r. List the prime factors of (-31985)/(-30) + (0 - (-5)/r).
2, 13, 41
Let j = 26808 - -1309. List the prime factors of j.
31, 907
Suppose -5*z = -898 - 417. Let b(c) = c**3 - 17*c**2 - 479*c + 17. Let l be b(-15). Suppose 3*u - z = l*u. What are the prime factors of u?
263
Let v = -951 - -971. What are the prime factors of v/(-18)*(-210)/(-50)*-42?
2, 7
Let z(o) = o**3 + 6*o**2 - o + 45. Let m be z(-7). Suppose -5*n + m*r + 1499 = -0*n, 5*r + 1207 = 4*n. List the prime factors of n.
2, 149
Let k be (-108)/(-21) + ((-10)/14)/5. Suppose 3 - k = z, -423 = -x + 3*z. List the prime factors of x.
3, 139
List the prime factors of (-66864)/(-80)*75/45.
7, 199
Let o be (-82)/(-8)*16/4*1. Let f = o - 33. Let h(t) = -t**3 + 12*t**2 - 20*t + 3. List the prime factors of h(f).
3, 11
Let k = -72 + 75. Suppose -4*w = k*v - 2076 + 625, w - 339 = 4*v. What are the prime factors of w?
359
Let s be 7851/6 - 9/(-6). Suppose -25*j = -20*j - s. List the prime factors of j.
2, 131
Let u = -1153 + 823. Let d be (0 + 1)/(15/u). List the prime factors of (d/(-4) + 2)*(-252)/(-35).
2, 3
Let q = 20680 - 10935. What are the prime factors of q?
5, 1949
Let b = -30056 + 51951. What are the prime factors of b?
5, 29, 151
Let w be (-3)/(-6)*(-22 - -4). Let o = w + 15. Suppose o*g - 5*s - 55 = g, -g + 1 = s. List the prime factors of g.
2, 3
Let t = -120 - -125. Suppose -12 = -q - t*q. Suppose -367 = -q*v + 3*f, 0 = 3*v - 4*f + 245 - 798. List the prime factors of v.
191
Suppose 0 = 4*w + 4*y - 2324, 3*w + 5*y - 1745 = 4*y. Let c = w + -314. List the prime factors of c.
2, 67
Suppose w - 2*o = 15, 5*w - 2*o - 5 - 30 = 0. Suppose w*x - 605 - 440 = 0. List the prime factors of x.
11, 19
Suppose -r - t + 380 = 3*t, 4*t = -12. Suppose -r = -4*q + 2388. What are the prime factors of q?
5, 139
Suppose 0 = 5*m + 67 + 173. Let w = m - -243. Suppose -2*s = 3*s - w. List the prime factors of s.
3, 13
Suppose -214*t + 171*t = -679228. List the prime factors of t.
2, 11, 359
Let a(l) = 2*l**3 - 5*l**2 + 46*l + 24. Let k(g) = -3*g**3 + 7*g**2 - 47*g - 23. Let r(i) = -4*a(i) - 3*k(i). List the prime factors of r(12).
3, 347
Let g(q) = -19*q + 70. Let i be g(4). List the prime factors of 317 - 12/(i - -12).
3, 5, 7
Suppose 2*r - 2*b = 2*b, 0 = r - 5*b. Let a be (r/(3 - -2))/2. Suppose -7*c + 82 + 16 = a. List the prime factors of c.
2, 7
Let q(a) = -7*a - 59. Let d(y) = -2*y - 3*y + 6*y - 3*y - 20. Let b(l) = -11*d(l) + 4*q(l). List the prime factors of b(-19).
2, 7
Suppose -4 = -3*y + 11. Let x = 1285 + -1272. Suppose x*k - y*k = 368. List the prime factors of k.
2, 23
Let s(u) = -2*u**3 - u**2 - 8*u - 7. Let x be s(-1). Suppose 5*p - 1503 = -4*r, 5*r - x*r = 4*p - 1190. List the prime factors of p.
13, 23
Let j(a) = -1223*a - 272. Let s(h) = 408*h + 90. Let m(u) = -2*j(u) - 7*s(u). What are the prime factors of m(-4)?
2, 3, 7, 37
Suppose -110*o - 25923 = 92*o - 3339531. List the prime factors of o.
2, 3, 1367
Suppose -67 = -3*q + 5. Suppose -j = -q + 38. What are the prime factors of (j/21 - 24/(-9)) + 7?
3
Let r(k) = 3*k - 62. Let b be r(22). Suppose 0 = -b*a, -5*q = a - 0 - 10. Suppose 270 = 5*n - 3*c, 2*c - 184 = -4*n - q*c. List the prime factors of n.
3, 17
Let r = -22256 + 37534. List the prime factors of r.
2, 7639
Let n(c) = -7*c**2 - 16*c - 51. Let h be n(-16). Let m = h - -2339. List the prime factors of m.
2, 47
Let k = 33368 + -16954. What are the prime factors of k?
2, 29, 283
Let u(b) = 229*b + 1182. Let j be u(-5). Suppose 3*z + 2*z - 255 = 0. Suppose 36*k - j*k = -z. List the prime factors of k.
3, 17
Let l = -23 - -20. Let m be -7 + 11 + l + 1. Suppose -m*h = -h - 53. List the prime factors of h.
53
Suppose -8*y - 7 + 31 = 0. Suppose -y*t = -5*p + 1545, 0 = -2*p - 5*t + 214 + 435. What are the prime factors of p?
2, 3, 13
Suppose 0 = 5*s - 5*n + 10246 + 459, 0 = -2*n - 8. List the prime factors of (4 - 7) + s/((-6)/2).
2, 89
Let s be (2/(-6))/((-1)/(-3)). Suppose 5*q - 5*c = -8 - 37, -q - 3*c = 13. What are the prime factors of 74 - q - (s - -1)?
2, 3, 7
Let i(q) = -7*q + 149. Let y be i(21). Suppose -y*t = -v + 3*t + 727, 0 = 4*v + 5*t - 2908. What are the prime factors of v?
727
Suppose -4*g + 14 = 2. Suppose g*x + 1 = 2*x. List the prime factors of 1/3*(-15)/(0 + x).
5
Let x(h) = 13 + 5 + 2*h**3 - 8*h - 6*h - 37 + 0*h**3 + 8*h**2. What are the prime factors of x(8)?
5, 281
Suppose -5*o - 16 = 3*m - 7*m, 3*m = 4*o + 13. Suppose 0 + 16 = 4*l. List the prime factors of m*((l - 4) + -85).
5, 17
Let v = -698 - -705. What are the prime factors of 906 + (6 + 1)/v?
907
Suppose -3*u + 13 = 5*b, 0*u = 4*b + 2*u - 10. Suppose b*o - 638 = -2*x + 1714, 3*o - 2347 = -2*x. List the prime factors of x.
1181
Suppose 56*j - 53*j = 84627. What are the prime factors of j?
3, 9403
Let f be (-4)/14 + ((-1280)/56)/(-10). What are the prime factors of (2 - (-87)/6)*54 + f?
19, 47
Let l = 7 + 5. Let a be (l/8)/(3/572). Let x = a - 189. List the prime factors of x.
97
Let h(f) be the first derivative of -24*f + 1 + f**3 - f**2 - 3 + 14. What are the prime factors of h(10)?
2
Suppose 83 = 4*n - 109. Let m be n/26 - (-16)/104. Suppose -2*u - 5*d = -398, -u - m*d + 199 = -7*d. What are the prime factors of u?
199
Let p be (-7 - (-220)/25)/((-6)/20). List the prime factors of (1 - 605)/(4/p).
2, 3, 151
Suppose -16 = -9*x + 11. Suppose d - 2*m = 6, -2*d + 45 = d + x*m. Suppose -90 = -d*b + 42. What are the prime factors of b?
11
Suppose 3*m = -2*w + 101732, 4*m + w - 54990 - 80661 = 0. What are the prime factors of m?
2, 31, 547